t of d?
9
What is the units digit of 309*(16/(-6) - -3)?
3
Suppose -9516 = -6190*d + 6177*d. What is the tens digit of d?
3
Suppose -q - 2 = -4*z, 2*z + 3*q + 4 = -2. Suppose z = 7*k + 46 - 7081. What is the thousands digit of k?
1
Suppose 0 = -5*u + 5*l + 5335, -5*u + 2093 + 3270 = -l. What is the tens digit of u?
7
Let h = 43001 - 25280. What is the units digit of h?
1
Suppose 0 = -3*f - 1 + 58. Suppose -f - 46 = -13*x. Suppose 5*n + 4*j - 324 = 0, x*n - 3*j = -j + 318. What is the units digit of n?
4
What is the ten thousands digit of ((-4)/3)/((-68)/2003688)?
3
Suppose -11*u + 62 + 114 = 0. What is the units digit of (-3 + 7)/u - 4269/(-12)?
6
What is the tens digit of 6707169/245 + (-8)/(-10)?
7
Let y(l) = l**2 - 10*l + 14. Let p(d) = -2*d + 25. Let m be (9/27)/((-1)/(-18)). Let u be p(m). What is the tens digit of y(u)?
5
Let r = 344 + -680. Let q = 485 + r. What is the units digit of q?
9
Let l(s) = 61*s - 60. Let m be l(-6). Let g = 759 - m. What is the thousands digit of g?
1
Let t(k) = -1426*k + 6770. What is the tens digit of t(-22)?
4
Suppose 0*l + 4*l = -20. Let x be (18 - -1) + l + 3. Suppose -x*d + 90 = -14*d. What is the units digit of d?
0
Let p(i) = i**2 + 15*i + 26. Let v be p(-14). Let x = v - -248. Suppose -6*n + n + x = 0. What is the units digit of n?
2
Suppose 2656*l - 2675*l = -364895. What is the thousands digit of l?
9
Let y = 530 + -537. Let z(d) = 48*d**2 + 90*d + 10. What is the units digit of z(y)?
2
Let b(v) be the first derivative of 5*v**2 + 36*v + 10. What is the units digit of b(2)?
6
Let q = -222 - -224. Suppose -h = -q, -3*h = 2*m + h - 1138. What is the tens digit of m?
6
Let k(a) = 39*a - 58. Suppose -4*v = -5*v + 9. What is the hundreds digit of k(v)?
2
Let i be 72 + (-4)/((-6)/3). Suppose -24*x + 883 = 259. Let q = x + i. What is the tens digit of q?
0
Let l be 42/(-12)*10/(-7). Suppose -5*t + l*n + 2725 = 0, -n + 0 = 2. What is the units digit of t?
3
Suppose -3*i + 0*f = -f - 20, -30 = -i + 5*f. Suppose 3*j - q - 8 = 2*j, -i*j + 10 = q. What is the tens digit of (3/6)/(j/708)?
1
What is the thousands digit of 10*(-1)/(-12) + 6089481/1026?
5
Suppose -99*w + 9245002 - 2121457 = 0. What is the ten thousands digit of w?
7
Suppose -2690 = 9*b - 11*b. Suppose 3790 - b = 5*t. What is the units digit of t?
9
Let y(o) = 8*o - 9. Let a be y(-9). Let v = -81 - a. Suppose -24*z + 19*z + 180 = v. What is the tens digit of z?
3
Let n(c) be the second derivative of -29*c**3/6 - 69*c**2 - 36*c. What is the units digit of n(-16)?
6
Let m = -96 + 79. Let t(r) = -5*r + 143. What is the hundreds digit of t(m)?
2
Let j(g) = -g**3 + 2*g**2 - 4*g + 17. Let d be j(-7). Let x = 2487 - d. What is the units digit of x?
1
Let q = -83428 + 140204. What is the thousands digit of q?
6
Suppose 0 = 8*q - 376 - 200. What is the units digit of 2084/18 - ((-16)/q + 0)?
6
Suppose -45*o + 19751 + 188059 = 0. What is the thousands digit of o?
4
Let w(o) be the first derivative of -o**4/4 + o**3 + 5*o - 11. Let m be w(3). Suppose 5*s - 70 = m*d, 24 = -0*s + 2*s - d. What is the units digit of s?
0
Let c = 41236 + -21216. What is the thousands digit of c?
0
Suppose 0 = -29*n + 39*n - 3620. Suppose -29*p - n = -30*p. What is the tens digit of p?
6
Suppose 14*o = -4*v + 11*o + 188964, 3*v + 3*o - 141720 = 0. What is the ten thousands digit of v?
4
Let v(l) = 26*l**2 + 28*l - 12. Let y be v(-6). Suppose -40*w + y = -38*w. What is the hundreds digit of w?
3
Suppose 4*i - 149 = -3*h + 112, h - 133 = -2*i. Suppose 2*a = 3201 + i. What is the units digit of a?
5
Suppose 37*l = -88*l + 1148500. What is the units digit of l?
8
Suppose 0 = -3*i - 3*g + 6*g + 357, 4*g = 4. Suppose -162 = -2*k - 4*r + i, 127 = k - 5*r. What is the units digit of k?
7
Let o(z) = z**3 + 72 + 6*z**2 + 7*z - 35*z - 58. Let q be o(-9). Let f = q + 91. What is the hundreds digit of f?
1
Suppose 14*j + 13*j - 272240 = 7*j. What is the ten thousands digit of j?
1
Suppose 52*a - 180 = 16*a. Suppose 3*x - 3745 = -a*l, 20*l = 19*l + 3*x + 731. What is the tens digit of l?
4
Let q(u) = -u**3 + 11*u**2 + 18*u - 10. Let t(i) = i**2 + i. Let b(x) = q(x) - 6*t(x). Let m be b(7). Let g = m - -76. What is the tens digit of g?
5
Let k(u) = 2*u + 14. Let j(i) = 4*i + 28. Let w(b) = -3*j(b) + 5*k(b). Let h be w(-5). Let v(f) = -10*f + 9. What is the units digit of v(h)?
9
Let m(k) = -126*k + 98. Let f be m(-12). Suppose -6*l + 322 = -f. What is the tens digit of l?
2
Suppose -5*r + 16 = 6. Suppose -r*z = 419 - 17. Let j = -109 - z. What is the units digit of j?
2
What is the hundreds digit of (-173554)/(-6) + 0 - 23*(-20)/1380?
9
Let p = 172 - 84. Suppose 28 = c - p. Suppose -5*u = -2*i + 176, -3*i - 2*u + 167 + c = 0. What is the units digit of i?
3
Let k(h) = -4*h**3 - 4*h**2 - 62*h - 1089. What is the tens digit of k(-17)?
6
Let l(u) = 12*u**2 + 73*u - 689. What is the units digit of l(11)?
6
Let g = 3631 - 2273. What is the tens digit of g?
5
Suppose 0 = -5*a + 40 + 45. Suppose 2*t - 7*t + 23 = 3*o, -2*o - 5*t + a = 0. Suppose -r + o*r + q - 361 = 0, -3*r - q + 215 = 0. What is the units digit of r?
3
Suppose -90 = -6*k - 30. Suppose k*v - v = 27. Suppose -366 = -5*i - 3*f, -3*i = i + v*f - 294. What is the tens digit of i?
7
Let b = 48122 + -2831. What is the units digit of b?
1
Suppose 2*g + 12 = 2*f, 5*f = -5*g + 13 - 3. Suppose -f*h = -6*v + v + 7274, -4*h = 2*v - 2904. What is the units digit of v?
4
Let q(b) = -6*b - 137. Let r be q(-25). Let d(g) = g**2 - 7*g + 3. Let t(x) = x - 1. Let c(a) = d(a) - 6*t(a). What is the units digit of c(r)?
9
Let w(k) = -95*k**3 + 4*k**2 - k - 2. Let a be w(1). Let n = 173 + a. What is the units digit of n?
9
Suppose 7*x - 22154 = 9395. Suppose -11*j + 4150 + x = 0. What is the units digit of j?
7
Suppose -5*c + 2*k + 0*k + 70 = 0, 43 = 4*c + k. Let t be -4*2/c*3. What is the units digit of ((9 - -1)/(-2))/(t/28)?
0
Let p(l) = -9*l**2 + 15. Let h(a) = -2*a**2 - 2. Let c(y) = -6*h(y) + p(y). What is the tens digit of c(5)?
0
Suppose 38*q + 176946 = 95*q - 43*q. What is the tens digit of q?
3
Let f(x) = -323*x**3 - 2*x**2 + 8*x + 10. Let p(c) = 2*c**2 - 25*c - 14. Let z be p(13). What is the hundreds digit of f(z)?
3
Suppose -5*v - 2856 = -r, 3*v - 8*v - 4*r = 2876. What is the units digit of (-5 - 7) + 7 - v?
7
Suppose 1465053 = 139*j - 41*j - 1852051. What is the tens digit of j?
4
Let w = -154 + 164. What is the tens digit of 105/w*1400/30?
9
Let z(w) = 66*w**2 + 18*w + 56. Let n be z(-11). Suppose -7*f - 886 = -n. What is the hundreds digit of f?
9
Let w(m) = 1271*m**2 - 1255*m + 3760. What is the tens digit of w(3)?
3
Suppose -4*h + 64320 = -4*i, 3*h = 2*i + 10213 + 38027. What is the hundreds digit of h?
0
Let b(c) = 23*c + 41. Let w(m) = m - 1. Let z(s) = b(s) - 4*w(s). What is the tens digit of z(26)?
3
Let m(p) = -317*p**2 - 53*p + 5. Let j(o) = 159*o**2 + 28*o - 3. Let h(l) = -5*j(l) - 3*m(l). What is the tens digit of h(-2)?
8
Let r(b) be the second derivative of -b**5/10 - 7*b**4/6 - 7*b**3/3 - 11*b**2/2 - b + 4. What is the units digit of r(-9)?
9
Let l(c) = c**3 + 9*c**2 - 19*c + 27. Let w(z) = -6*z + 31. Let r be w(7). Let s be l(r). What is the units digit of (49/6 - s/(-36)) + -2?
6
Suppose -4*a - 8692 = -28*p + 23*p, -4*p + 4*a = -6956. What is the tens digit of p?
3
Let p = 2 + 4. Suppose -2*u + p*u = 12. What is the tens digit of (2 + (-5)/4)/(u/288)?
7
Suppose 4*s - 26*o = -25*o + 31515, 0 = 5*o - 25. What is the hundreds digit of s?
8
Suppose 2543 = -3*d + c, 2*d = -3*d - 5*c - 4265. Let f = 1710 + d. What is the hundreds digit of f?
8
Let r(k) = -k**3 + 41*k**2 - 58*k + 301. What is the units digit of r(35)?
1
Suppose g - 3*g - 134 = 0. Let s = -67 - g. Suppose s*k - 2*k = -154. What is the units digit of k?
7
Let r(u) = -10*u - 10*u - 4*u + 6*u - 18*u - 24. What is the tens digit of r(-8)?
6
Let x(n) be the first derivative of -29*n**7/420 + n**6/360 + n**5/120 - 6*n**3 - 7. Let j(w) be the third derivative of x(w). What is the units digit of j(-1)?
8
Let d(l) = -l**3 + 2*l**2 + 19*l + 2. Let a be d(6). Let r = 31 + a. Suppose r*x + 4*w - 372 = 0, -5*w + w = 2*x - 252. What is the tens digit of x?
2
Let z(g) = g**3 - 10*g**2 + 3*g + 1. Suppose 0 = -3*j - 2*u + 4*u + 30, 5*j + 4*u = 50. Let q be z(j). Suppose -1947 = 20*